f(g) = -17*g - 14. What are the prime factors of f(-4)?
2, 3
Suppose 5*v - 5*r = 35, -3*v + v - 4*r = -26. Let m = v + 0. List the prime factors of m.
3
Suppose f = 2*s - 5, 4*s - 3*f + 2 = 7. What are the prime factors of (-1 - s)/((-21)/14)?
2
Suppose -4*n + 4*f = -40, 3*n - 30 = n + 4*f. Suppose 68 = n*x + 3. What are the prime factors of x?
13
Suppose -6 = -3*n + 3*z, -3*z + 0*z = 0. Suppose -2*s = s - 6. Suppose -s*j + 56 = n*j. What are the prime factors of j?
2, 7
Let c = -15 - -7. Let k = c - -47. List the prime factors of k.
3, 13
Let p(r) = r**2 - 10*r + 13. Let l be 9/(4 + 3/(-1)). Let o be p(l). What are the prime factors of ((10*o)/(-2))/(-2)?
2, 5
Let m be (-2)/7 - 1124/(-14). Suppose -3*z + 8*z + m = 0. Let x = z + 24. List the prime factors of x.
2
Suppose -662 = -2*c + 2*v - 0*v, -2*c + 3*v + 658 = 0. List the prime factors of c.
5, 67
Suppose 2*y + 48 = 4*i - 2*y, 2*i - 5*y - 15 = 0. List the prime factors of i.
3, 5
Let t = 2 - -1. List the prime factors of (2/t)/(2/21).
7
Suppose -12 = -2*h - 2*h. What are the prime factors of h?
3
Suppose -165 = u - 4*u. What are the prime factors of u?
5, 11
Suppose -6*j = -42 + 12. What are the prime factors of j?
5
Let p be 2/7 + 4104/42. Let b = p + -68. Suppose -3*d + b = 3. What are the prime factors of d?
3
Let x(m) = -7*m - 2. Let d be x(-3). Let r = d - 1. List the prime factors of r.
2, 3
Let l(n) = -16*n**3 + 2*n + 4. What are the prime factors of l(-2)?
2
Suppose 8 = 3*q + q. Let r(t) = 4*t**3 - 3 + q - t**3. What are the prime factors of r(1)?
2
Let k(l) = -l**3 + 5*l**2 + 6*l + 1. Let q be k(6). Let t = -2 + q. What are the prime factors of (12/(-3))/(t/2)?
2
Suppose 4*a - 120 = a. List the prime factors of a.
2, 5
Let f(m) = m**2 - 4*m - 3. Let o be f(5). Suppose 0*s + o*s = 4. Suppose s*w + w - 27 = 0. What are the prime factors of w?
3
Suppose 4*k - 3*x = x + 164, -5*k + x + 185 = 0. Let n = k + -17. What are the prime factors of n?
19
Let o = 78 + 46. List the prime factors of o.
2, 31
Let m(g) = -9*g - 17. Let j(y) = 3*y + 6. Let v(r) = -11*j(r) - 4*m(r). Let c be v(-2). Let t = c - -9. List the prime factors of t.
5
Suppose 0 = -10*p + 5*p - 50. Let j = 21 + p. What are the prime factors of j?
11
Suppose -37 = -3*d - 4. What are the prime factors of d?
11
Let x = -8 - -18. Suppose -3*m = 2*m - 5*r - x, -r - 12 = -3*m. What are the prime factors of m?
5
Let s be (-9)/(-3) + -1 + 1. Suppose z = -s*c + 4, -10 = -2*z - c + 13. Let n(y) = y**2 - 12*y + 1. List the prime factors of n(z).
2, 7
Let q(g) = -g + 9. Let x be q(4). Suppose 9 = -4*i + x*i. List the prime factors of i.
3
Suppose -4*l - l = -310. List the prime factors of l.
2, 31
Suppose -4*o + 2*o - 120 = 5*d, d + 37 = -3*o. Let l = 0 - d. What are the prime factors of l?
2, 11
Let h(u) = 141*u**3 - 2*u**2 + 2*u - 1. Let b be h(1). List the prime factors of ((-4)/(-10))/(4/b).
2, 7
Let w = 9 - -25. What are the prime factors of w?
2, 17
Suppose z - 2*z - 2*y = -9, 5*z - y - 1 = 0. Let b(g) = -g**3 - 3*g**2 + 9*g + 10. Let c be b(-5). Let d = z + c. List the prime factors of d.
2
Suppose -s = 4*j - 20, -4*j + 9*j = -5*s + 55. Suppose 4*k = s + 8. What are the prime factors of k?
2
Suppose -j - 2*x - 7 = -6*x, 2*j - 5*x + 8 = 0. Let p be (1/1)/(j/2). Suppose 4*d + 8 = 4*r, -3*r + p = 4*d - 4. List the prime factors of r.
2
What are the prime factors of ((-438)/9)/(24/(-108))?
3, 73
Let o = 149 - -191. List the prime factors of o.
2, 5, 17
Suppose -3*a = -0*a - 6. Suppose a*l + 34 = 4*l. List the prime factors of l.
17
Suppose -4*r + l + 8 = -2*r, -4 = 4*r + 3*l. Suppose 3*x - 14 = -2*m + 95, 69 = r*x + 5*m. List the prime factors of x.
37
Let s(l) = -l**3 + 3*l**2 + 10*l - 4. Let x(g) = -g**2 + g. Let b = -3 - -6. Let t(k) = b*x(k) - s(k). List the prime factors of t(7).
2
Let b be 1/(-4) + (-29)/(-4). What are the prime factors of -4*28/(3 - b)?
2, 7
Suppose 0 = 3*i - j - 43, 4*i + 3 - 61 = 2*j. Suppose 3*l - 1 = i. What are the prime factors of l?
5
Let d(n) = -n**2 - 5*n. Let s be d(-3). Suppose 76 = 10*z - s*z. What are the prime factors of z?
19
Let f = 5 + -6. Let t be (2 - f)*(-2)/(-6). Let h = t - -14. What are the prime factors of h?
3, 5
Suppose -23 = -4*n + n - 4*a, 0 = 5*n - 2*a - 47. Let z = n - -6. What are the prime factors of z?
3, 5
Suppose 2*h = 4*h - 4. Suppose -5*p - 3*k - h*k = 205, -4*p - 2*k = 154. What are the prime factors of (-1)/(-2*(-3)/p)?
2, 3
Let l(z) be the second derivative of z**2 - z + 2/3*z**3 + 0 + 1/4*z**4 - 1/20*z**5. List the prime factors of l(4).
2
Let f(x) = -x**3 - 13*x**2 + 15. Let t be f(-13). List the prime factors of (-8)/(-3 + 39/t).
2, 5
Suppose 0 = 6*w - 5*w - 114. What are the prime factors of w?
2, 3, 19
Let z(n) = 2*n. Let i be z(-5). Let r = i + 20. What are the prime factors of r?
2, 5
Let a(f) = f**2 - 1. Suppose -2*h = 3*k + 9, -2*k = 2*h + 2 + 4. List the prime factors of a(k).
2
Let l(h) = 3*h**2 + 2*h + 1. Let y be l(3). Suppose n + 27 = 2*f, 0 = -f - 1 + 3. Let r = n + y. What are the prime factors of r?
11
What are the prime factors of (770/6 + (-2)/6)*2?
2
Let m(l) = -25*l**3 - l**2 + 5*l + 1. Let d(g) = -g. Let x(u) = -5*d(u) - m(u). List the prime factors of x(1).
5
Let k be (-20)/(-6) - (-6)/9. Let i = k - 0. List the prime factors of i.
2
Let a = -39 - -28. Let d = a - -24. What are the prime factors of d?
13
Let q = 7 - 7. Suppose q = 4*r + 5*s - 53, 0 = 5*s - 5. What are the prime factors of r?
2, 3
Let o(g) = 19*g + 1. List the prime factors of o(3).
2, 29
Suppose 0*q - 16 = -2*f - 2*q, 2*q = 2*f - 4. Suppose f*g = -10, 2*c - 14 - 40 = 5*g. What are the prime factors of c?
2, 11
Suppose 2*h - 4*p + 6 = 0, 7 = -6*h + h + 2*p. Let d be h*9/15*-5. List the prime factors of 5 - d*(-4)/(-6).
3
Let y(m) = m**3 - 7*m**2 + 5*m - 2. Let n be y(6). Let a = n - -10. Suppose a*t + 1 = 27. List the prime factors of t.
13
Let j = -173 - -355. List the prime factors of j.
2, 7, 13
Let q = -68 - -72. List the prime factors of q.
2
Suppose 13 = 7*t - 29. List the prime factors of t.
2, 3
Let n be 1*(204/4)/3. Let s = -10 + n. List the prime factors of s.
7
Let x = 104 + -50. List the prime factors of x.
2, 3
Let d = 79 + 183. List the prime factors of d.
2, 131
Suppose d + 0*d = 21. List the prime factors of d.
3, 7
Suppose -12 = -2*a + h + h, -2*h = -8. List the prime factors of a.
2, 5
Suppose -89 = -4*i + 5*o, 4*i + 3*o = 6*o + 87. Suppose -2*v - 3*v = 75. Let j = i + v. What are the prime factors of j?
2, 3
Let s = -7 + 10. Suppose s*j - 5*p - 7 + 0 = 0, -j + 5*p = 1. Suppose -5*o + 3 = g - 5*g, j*g - 2*o = 6. List the prime factors of g.
3
List the prime factors of -2*(1 + 10/(-4)).
3
Suppose 5*d + 10 = 5*c - 4*c, 0 = -5*c + 4*d + 155. List the prime factors of c.
5, 7
Suppose -3*m + 27 = -81. Let t be m - (-6)/(-3) - 2. Suppose 2*w - 26 = 2*j, 0*j = 4*w + j - t. List the prime factors of w.
3
Let n(g) = -4*g**3 - 7*g**2 - 6*g + 3. What are the prime factors of n(-3)?
2, 3, 11
Suppose 83 = i - 2*m - 91, 0 = -5*m. List the prime factors of i.
2, 3, 29
Let d = 2 + -8. Let l = 10 + d. Suppose 64 = -2*i + 6*i + 2*v, -l*v = 5*i - 86. List the prime factors of i.
2, 7
Let x(n) = -3*n - 3. Let z = 0 + -4. List the prime factors of x(z).
3
Suppose 5*b - 7 = -2*b. What are the prime factors of (2 - b)/(3/99)?
3, 11
Let q be 2 - (58 - (-6)/(-3)). Let y = q - -84. What are the prime factors of y?
2, 3, 5
Let h(b) = b**2 - 8. Let z be h(10). Let s be z/9 + (-8)/36. Suppose -2 + s = 4*v. List the prime factors of v.
2
Suppose 0 = l + 1 - 5. Suppose l*z - 4 = 8*z. Let c = z + 5. What are the prime factors of c?
2
Suppose 50 = -2*n - 30. Let d = -16 - n. What are the prime factors of d?
2, 3
Suppose -15*t + 12*t + 204 = 0. List the prime factors of t.
2, 17
Let r be 1/(-4) - (-20)/16. Let n = 4 + r. Suppose 0 = n*z, 2*z - 24 = -3*o + 5*z. List the prime factors of o.
2
Suppose -3*z - 5*d = -28, 3*z - 30 = -d - 2*d. What are the prime factors of z?
11
Let g = -5 - -26. What are the prime factors of g?
3, 7
Let c(g) = 20*g**2 + 5*g + 1. What are the prime factors of c(-2)?
71
Let z = 3 - -2. Suppose -p - 5*k = 13, 3*k + 4 - 27 = -z*p. List the prime factors of p.
7
Suppose 0*x + 48 = 4*x. What are the prime factors of -1*x*3/(-6)?
2, 3
Let k(z) = -z + 8. Suppose 5*a = 9*a